{"id":3,"date":"2025-04-30T07:58:51","date_gmt":"2025-04-30T07:58:51","guid":{"rendered":"https:\/\/mindandspiritdays.com\/?page_id=3"},"modified":"2026-03-03T06:21:48","modified_gmt":"2026-03-03T05:21:48","slug":"team","status":"publish","type":"page","link":"https:\/\/mindandspiritdays.com\/?page_id=3","title":{"rendered":"\u00fcber uns"},"content":{"rendered":"\n<div class=\"wp-block-columns is-layout-flex wp-container-core-columns-is-layout-9d6595d7 wp-block-columns-is-layout-flex\">\n<div class=\"wp-block-column is-layout-flow wp-block-column-is-layout-flow\" style=\"flex-basis:33.33%\">\n<figure class=\"wp-block-image size-full is-style-rounded\"><img loading=\"lazy\" decoding=\"async\" width=\"1220\" height=\"1770\" src=\"https:\/\/mindandspiritdays.com\/wp-content\/uploads\/2025\/10\/Myriam_Schmid.jpeg\" alt=\"\" class=\"wp-image-300\" srcset=\"https:\/\/mindandspiritdays.com\/wp-content\/uploads\/2025\/10\/Myriam_Schmid.jpeg 1220w, https:\/\/mindandspiritdays.com\/wp-content\/uploads\/2025\/10\/Myriam_Schmid-207x300.jpeg 207w, https:\/\/mindandspiritdays.com\/wp-content\/uploads\/2025\/10\/Myriam_Schmid-706x1024.jpeg 706w, https:\/\/mindandspiritdays.com\/wp-content\/uploads\/2025\/10\/Myriam_Schmid-768x1114.jpeg 768w, https:\/\/mindandspiritdays.com\/wp-content\/uploads\/2025\/10\/Myriam_Schmid-1059x1536.jpeg 1059w\" sizes=\"auto, (max-width: 767px) 89vw, (max-width: 1000px) 54vw, (max-width: 1071px) 543px, 580px\" \/><\/figure>\n<\/div>\n\n\n\n<div class=\"wp-block-column is-layout-flow wp-block-column-is-layout-flow\" style=\"flex-basis:66.66%\">\n<h2 class=\"wp-block-heading\"><strong>Myriam Schmid<\/strong><\/h2>\n\n\n\n<p><strong>Organisiationsleitung &amp; Ausstellerberatung<\/strong><\/p>\n\n\n\n<p><span style=\"white-space: normal; caret-color: rgb(0, 0, 0); color: rgb(0, 0, 0); font-size: medium;\">Als Organisationsleitung sorgt sie daf\u00fcr, dass alles l\u00e4uft und wenn nicht, l\u00e4uft sie eben selbst. Beratung, Koordination, gute Laune: bei ihr alles inklusive.&nbsp;Wenn Organisation eine Sportart w\u00e4re, h\u00e4tte sie l\u00e4ngst Olympiagold.<\/span>&nbsp;Stets l\u00f6sungsorientiert findet sie f\u00fcr jedes Problem den passenden Weg. Mit ihrer Empathie hat sie ein Gesp\u00fcr daf\u00fcr, was andere brauchen, fast wie Zauberei.<\/p>\n<\/div>\n<\/div>\n\n\n\n<div class=\"wp-block-columns is-layout-flex wp-container-core-columns-is-layout-9d6595d7 wp-block-columns-is-layout-flex\">\n<div class=\"wp-block-column is-layout-flow wp-block-column-is-layout-flow\" style=\"flex-basis:66.66%\">\n<h2 class=\"wp-block-heading\"><strong>Bruno Schmid<\/strong><\/h2>\n\n\n\n<p><strong>Organisiationsleitung &amp; Ausstellerberatung<\/strong><\/p>\n\n\n\n<p>Er weiss genau, wie ein Messestand zum Hingucker wird und verr\u00e4t seine Tipps mit einem L\u00e4cheln, das fast so charmant ist wie seine Ideen. Wenn Aussteller nicht weiterwissen, zaubert er mit einem Blick den entscheidenden Aha-Moment. Von Licht, Lage bis Latte Macchiato, er weiss, was Besucher anzieht. Auch wenn der Messetrubel tobt, beh\u00e4lt er den \u00dcberblick. Und mit seiner bodenst\u00e4ndigen Art holt er alle wieder sicher auf den Teppich, notfalls sogar den roten.<\/p>\n<\/div>\n\n\n\n<div class=\"wp-block-column is-layout-flow wp-block-column-is-layout-flow\" style=\"flex-basis:33.33%\">\n<figure class=\"wp-block-image size-full is-style-rounded\"><img loading=\"lazy\" decoding=\"async\" width=\"1220\" height=\"1770\" src=\"https:\/\/mindandspiritdays.com\/wp-content\/uploads\/2025\/10\/Bruno_Schmid.jpeg\" alt=\"\" class=\"wp-image-302\" srcset=\"https:\/\/mindandspiritdays.com\/wp-content\/uploads\/2025\/10\/Bruno_Schmid.jpeg 1220w, https:\/\/mindandspiritdays.com\/wp-content\/uploads\/2025\/10\/Bruno_Schmid-207x300.jpeg 207w, https:\/\/mindandspiritdays.com\/wp-content\/uploads\/2025\/10\/Bruno_Schmid-706x1024.jpeg 706w, https:\/\/mindandspiritdays.com\/wp-content\/uploads\/2025\/10\/Bruno_Schmid-768x1114.jpeg 768w, https:\/\/mindandspiritdays.com\/wp-content\/uploads\/2025\/10\/Bruno_Schmid-1059x1536.jpeg 1059w\" sizes=\"auto, (max-width: 767px) 89vw, (max-width: 1000px) 54vw, (max-width: 1071px) 543px, 580px\" \/><\/figure>\n<\/div>\n<\/div>\n\n\n\n<div class=\"wp-block-columns is-layout-flex wp-container-core-columns-is-layout-9d6595d7 wp-block-columns-is-layout-flex\">\n<div class=\"wp-block-column is-layout-flow wp-block-column-is-layout-flow\" style=\"flex-basis:100%\">\n<div class=\"wp-block-columns is-layout-flex wp-container-core-columns-is-layout-9d6595d7 wp-block-columns-is-layout-flex\">\n<div class=\"wp-block-column is-layout-flow wp-block-column-is-layout-flow\" style=\"flex-basis:33.33%\">\n<figure class=\"wp-block-image size-full is-style-rounded\"><img loading=\"lazy\" decoding=\"async\" width=\"1220\" height=\"1770\" src=\"https:\/\/mindandspiritdays.com\/wp-content\/uploads\/2025\/09\/Beat_Marti.jpeg\" alt=\"\" class=\"wp-image-268\" srcset=\"https:\/\/mindandspiritdays.com\/wp-content\/uploads\/2025\/09\/Beat_Marti.jpeg 1220w, https:\/\/mindandspiritdays.com\/wp-content\/uploads\/2025\/09\/Beat_Marti-207x300.jpeg 207w, https:\/\/mindandspiritdays.com\/wp-content\/uploads\/2025\/09\/Beat_Marti-706x1024.jpeg 706w, https:\/\/mindandspiritdays.com\/wp-content\/uploads\/2025\/09\/Beat_Marti-768x1114.jpeg 768w, https:\/\/mindandspiritdays.com\/wp-content\/uploads\/2025\/09\/Beat_Marti-1059x1536.jpeg 1059w\" sizes=\"auto, (max-width: 767px) 89vw, (max-width: 1000px) 54vw, (max-width: 1071px) 543px, 580px\" \/><\/figure>\n<\/div>\n\n\n\n<div class=\"wp-block-column is-layout-flow wp-block-column-is-layout-flow\" style=\"flex-basis:66.66%\">\n<h2 class=\"wp-block-heading\"><strong>Beat Marti<\/strong><\/h2>\n\n\n\n<p><strong>Finanzen<\/strong><\/p>\n\n\n\n<p>Ich bin die rechte Hand des Taschenrechners und H\u00fcter der Zahlen. Wo andere nicht mehr durchsehen, finde ich L\u00f6sungen oder wenn Zahlen Amok laufen bin ich zur Stelle.  Mit mir kann man rechnen!<\/p>\n<\/div>\n<\/div>\n<\/div>\n<\/div>\n\n\n\n<div class=\"wp-block-columns is-layout-flex wp-container-core-columns-is-layout-9d6595d7 wp-block-columns-is-layout-flex\">\n<div class=\"wp-block-column is-layout-flow wp-block-column-is-layout-flow\" style=\"flex-basis:66.66%\">\n<h2 class=\"wp-block-heading\"><strong>Steve Marti<\/strong><\/h2>\n\n\n\n<p><strong>Commercial &amp; Merchandising <\/strong><\/p>\n\n\n\n<p>Inoffiziell bin ich der Hausmeister f\u00fcr alles was gl\u00e4nzt, was verkauft werden soll oder mit Logo bedruckt ist. Mein Job ist es, daf\u00fcr zu sorgen, dass unsere Marke nicht nur im Kopf, sondern auch im Schrank, auf dem Schreibtisch oder am K\u00fchlschrank landet. Kurz gesagt: Ich verkaufe keine Produkte, ich verkaufe gute Laune mit Logo drauf.<\/p>\n<\/div>\n\n\n\n<div class=\"wp-block-column is-layout-flow wp-block-column-is-layout-flow\" style=\"flex-basis:33.33%\">\n<figure class=\"wp-block-image size-full is-style-rounded\"><img loading=\"lazy\" decoding=\"async\" width=\"1220\" height=\"1770\" src=\"https:\/\/mindandspiritdays.com\/wp-content\/uploads\/2025\/09\/Steve_Waechter.jpg\" alt=\"\" class=\"wp-image-267\" srcset=\"https:\/\/mindandspiritdays.com\/wp-content\/uploads\/2025\/09\/Steve_Waechter.jpg 1220w, https:\/\/mindandspiritdays.com\/wp-content\/uploads\/2025\/09\/Steve_Waechter-207x300.jpg 207w, https:\/\/mindandspiritdays.com\/wp-content\/uploads\/2025\/09\/Steve_Waechter-706x1024.jpg 706w, https:\/\/mindandspiritdays.com\/wp-content\/uploads\/2025\/09\/Steve_Waechter-768x1114.jpg 768w, https:\/\/mindandspiritdays.com\/wp-content\/uploads\/2025\/09\/Steve_Waechter-1059x1536.jpg 1059w\" sizes=\"auto, (max-width: 767px) 89vw, (max-width: 1000px) 54vw, (max-width: 1071px) 543px, 580px\" \/><\/figure>\n<\/div>\n<\/div>\n\n\n\n<div class=\"wp-block-columns is-layout-flex wp-container-core-columns-is-layout-9d6595d7 wp-block-columns-is-layout-flex\">\n<div class=\"wp-block-column is-layout-flow wp-block-column-is-layout-flow\" style=\"flex-basis:33.33%\">\n<figure class=\"wp-block-image size-large is-style-rounded\"><img loading=\"lazy\" decoding=\"async\" width=\"706\" height=\"1024\" src=\"https:\/\/mindandspiritdays.com\/wp-content\/uploads\/2025\/09\/Corinne_Faessler-706x1024.jpeg\" alt=\"\" class=\"wp-image-263\" srcset=\"https:\/\/mindandspiritdays.com\/wp-content\/uploads\/2025\/09\/Corinne_Faessler-706x1024.jpeg 706w, https:\/\/mindandspiritdays.com\/wp-content\/uploads\/2025\/09\/Corinne_Faessler-207x300.jpeg 207w, https:\/\/mindandspiritdays.com\/wp-content\/uploads\/2025\/09\/Corinne_Faessler-768x1114.jpeg 768w, https:\/\/mindandspiritdays.com\/wp-content\/uploads\/2025\/09\/Corinne_Faessler-1059x1536.jpeg 1059w, https:\/\/mindandspiritdays.com\/wp-content\/uploads\/2025\/09\/Corinne_Faessler.jpeg 1220w\" sizes=\"auto, (max-width: 706px) 100vw, 706px\" \/><\/figure>\n<\/div>\n\n\n\n<div class=\"wp-block-column is-layout-flow wp-block-column-is-layout-flow\" style=\"flex-basis:66.66%\">\n<h2 class=\"wp-block-heading\"><strong>Corinne F\u00e4ssler<\/strong><\/h2>\n\n\n\n<p><strong>Informatik<\/strong><\/p>\n\n\n\n<p>Ob Homepage erstellen, Passw\u00f6rter retten oder Server z\u00e4hmen, ich mache das, was andere gern auf morgen verschieben und k\u00fcmmere mich um alles, was blinkt, l\u00e4dt oder pl\u00f6tzlich streikt.<br>Die Website funktioniert? Dann war ich\u2019s. Wenn nicht, dann war\u2019s ein Update.<\/p>\n<\/div>\n<\/div>\n\n\n\n<div class=\"wp-block-columns is-layout-flex wp-container-core-columns-is-layout-9d6595d7 wp-block-columns-is-layout-flex\">\n<div class=\"wp-block-column is-layout-flow wp-block-column-is-layout-flow\" style=\"flex-basis:66.66%\">\n<h2 class=\"wp-block-heading\"><strong>Frank Stam<\/strong><\/h2>\n\n\n\n<p><strong>Logistik und Infrastruktur<\/strong><\/p>\n\n\n\n<p>Ich sorge daf\u00fcr, dass alles da ist, wo es hingeh\u00f6rt, egal ob Tische, Kabel oder Kaffeemaschine und halte den Laden am Laufen. Es ist die Kunst, das Chaos vorherzusehen, bevor es passiert und improvisiere, falls mal etwas Unvorhergesehenes in die Quere kommt.<\/p>\n<\/div>\n\n\n\n<div class=\"wp-block-column is-layout-flow wp-block-column-is-layout-flow\" style=\"flex-basis:33.33%\">\n<figure class=\"wp-block-image size-large is-style-rounded\"><img loading=\"lazy\" decoding=\"async\" width=\"706\" height=\"1024\" src=\"https:\/\/mindandspiritdays.com\/wp-content\/uploads\/2025\/09\/Fanky-706x1024.jpg\" alt=\"\" class=\"wp-image-266\" srcset=\"https:\/\/mindandspiritdays.com\/wp-content\/uploads\/2025\/09\/Fanky-706x1024.jpg 706w, https:\/\/mindandspiritdays.com\/wp-content\/uploads\/2025\/09\/Fanky-207x300.jpg 207w, https:\/\/mindandspiritdays.com\/wp-content\/uploads\/2025\/09\/Fanky-768x1114.jpg 768w, https:\/\/mindandspiritdays.com\/wp-content\/uploads\/2025\/09\/Fanky-1059x1536.jpg 1059w, https:\/\/mindandspiritdays.com\/wp-content\/uploads\/2025\/09\/Fanky.jpg 1220w\" sizes=\"auto, (max-width: 706px) 100vw, 706px\" \/><\/figure>\n<\/div>\n<\/div>\n","protected":false},"excerpt":{"rendered":"<p>Myriam Schmid Organisiationsleitung &amp; Ausstellerberatung Als Organisationsleitung sorgt sie daf\u00fcr, dass alles l\u00e4uft und wenn nicht, l\u00e4uft sie eben selbst. Beratung, Koordination, gute Laune: bei ihr alles inklusive.&nbsp;Wenn Organisation eine Sportart w\u00e4re, h\u00e4tte sie l\u00e4ngst Olympiagold.&nbsp;Stets l\u00f6sungsorientiert findet sie f\u00fcr jedes Problem den passenden Weg. Mit ihrer Empathie hat sie ein Gesp\u00fcr daf\u00fcr, was andere &hellip; <\/p>\n<p class=\"link-more\"><a href=\"https:\/\/mindandspiritdays.com\/?page_id=3\" class=\"more-link\"><span class=\"screen-reader-text\">\u201e\u00fcber uns\u201c<\/span> weiterlesen<\/a><\/p>\n","protected":false},"author":1,"featured_media":0,"parent":0,"menu_order":0,"comment_status":"closed","ping_status":"closed","template":"","meta":{"footnotes":""},"class_list":["post-3","page","type-page","status-publish","hentry"],"_links":{"self":[{"href":"https:\/\/mindandspiritdays.com\/index.php?rest_route=\/wp\/v2\/pages\/3","targetHints":{"allow":["GET"]}}],"collection":[{"href":"https:\/\/mindandspiritdays.com\/index.php?rest_route=\/wp\/v2\/pages"}],"about":[{"href":"https:\/\/mindandspiritdays.com\/index.php?rest_route=\/wp\/v2\/types\/page"}],"author":[{"embeddable":true,"href":"https:\/\/mindandspiritdays.com\/index.php?rest_route=\/wp\/v2\/users\/1"}],"replies":[{"embeddable":true,"href":"https:\/\/mindandspiritdays.com\/index.php?rest_route=%2Fwp%2Fv2%2Fcomments&post=3"}],"version-history":[{"count":27,"href":"https:\/\/mindandspiritdays.com\/index.php?rest_route=\/wp\/v2\/pages\/3\/revisions"}],"predecessor-version":[{"id":732,"href":"https:\/\/mindandspiritdays.com\/index.php?rest_route=\/wp\/v2\/pages\/3\/revisions\/732"}],"wp:attachment":[{"href":"https:\/\/mindandspiritdays.com\/index.php?rest_route=%2Fwp%2Fv2%2Fmedia&parent=3"}],"curies":[{"name":"wp","href":"https:\/\/api.w.org\/{rel}","templated":true}]}}