{"id":203,"date":"2025-08-04T15:25:40","date_gmt":"2025-08-04T14:25:40","guid":{"rendered":"https:\/\/mindandspiritdays.com\/?page_id=203"},"modified":"2026-04-16T08:51:49","modified_gmt":"2026-04-16T07:51:49","slug":"festhalle-willisau","status":"publish","type":"page","link":"https:\/\/mindandspiritdays.com\/?page_id=203","title":{"rendered":"Festhalle Willisau"},"content":{"rendered":"\n<h2 class=\"wp-block-heading\">Lageplan und Anfahrt<\/h2>\n\n\n\n<figure class=\"wp-block-image size-large\"><img loading=\"lazy\" decoding=\"async\" width=\"1024\" height=\"764\" src=\"https:\/\/mindandspiritdays.com\/wp-content\/uploads\/2025\/09\/Lageplan_Festhalle-1024x764.png\" alt=\"\" class=\"wp-image-240\" srcset=\"https:\/\/mindandspiritdays.com\/wp-content\/uploads\/2025\/09\/Lageplan_Festhalle-1024x764.png 1024w, https:\/\/mindandspiritdays.com\/wp-content\/uploads\/2025\/09\/Lageplan_Festhalle-300x224.png 300w, https:\/\/mindandspiritdays.com\/wp-content\/uploads\/2025\/09\/Lageplan_Festhalle-768x573.png 768w, https:\/\/mindandspiritdays.com\/wp-content\/uploads\/2025\/09\/Lageplan_Festhalle-1536x1146.png 1536w, https:\/\/mindandspiritdays.com\/wp-content\/uploads\/2025\/09\/Lageplan_Festhalle.png 1842w\" sizes=\"auto, (max-width: 767px) 89vw, (max-width: 1000px) 54vw, (max-width: 1071px) 543px, 580px\" \/><\/figure>\n\n\n\n<p><strong>Mit der Bahn<\/strong> gibt es von Luzern eine Direktverbindung nach Willisau. Von Z\u00fcrich und Bern muss ein bis zweimal umgestiegen werden, je nach Verbindung. Die Festhalle erreicht man in ca. 12 Gehminuten vom Bahnhof Willisau.<\/p>\n\n\n\n<p><strong>Mit dem Auto<\/strong> findet man \u00fcber die Autobahn von Luzern, bei der Ausfahrt Sursee oder von Z\u00fcrich\/Bern, bei der Ausfahrt Dagmarsellen. Beide beiden Ausfahrten Richtung Willisau fahren.<br>Etwa 120 Parkpl\u00e4tze sind direkt bei der Festhalle in Willisau vorhanden. Weiter gibt es \u00f6ffentliche Parkpl\u00e4tze in der N\u00e4he im Parkhaus &#8222;Im Grund&#8220; oder beim Zehntenplatz.<\/p>\n\n\n\n<h2 class=\"wp-block-heading\">Hallenplan<\/h2>\n\n\n\n<figure class=\"wp-block-image size-large\"><img loading=\"lazy\" decoding=\"async\" width=\"1024\" height=\"724\" src=\"https:\/\/mindandspiritdays.com\/wp-content\/uploads\/2026\/03\/Hallenplan_Belegung-1024x724.jpg\" alt=\"\" class=\"wp-image-843\" srcset=\"https:\/\/mindandspiritdays.com\/wp-content\/uploads\/2026\/03\/Hallenplan_Belegung-1024x724.jpg 1024w, https:\/\/mindandspiritdays.com\/wp-content\/uploads\/2026\/03\/Hallenplan_Belegung-300x212.jpg 300w, https:\/\/mindandspiritdays.com\/wp-content\/uploads\/2026\/03\/Hallenplan_Belegung-768x543.jpg 768w, https:\/\/mindandspiritdays.com\/wp-content\/uploads\/2026\/03\/Hallenplan_Belegung-1536x1086.jpg 1536w, https:\/\/mindandspiritdays.com\/wp-content\/uploads\/2026\/03\/Hallenplan_Belegung.jpg 1683w\" sizes=\"auto, (max-width: 767px) 89vw, (max-width: 1000px) 54vw, (max-width: 1071px) 543px, 580px\" \/><figcaption class=\"wp-element-caption\">M\u00f6gliche Einteilung der Standpl\u00e4tze<\/figcaption><\/figure>\n\n\n\n<p><\/p>\n","protected":false},"excerpt":{"rendered":"<p>Lageplan und Anfahrt Mit der Bahn gibt es von Luzern eine Direktverbindung nach Willisau. Von Z\u00fcrich und Bern muss ein bis zweimal umgestiegen werden, je nach Verbindung. Die Festhalle erreicht man in ca. 12 Gehminuten vom Bahnhof Willisau. Mit dem Auto findet man \u00fcber die Autobahn von Luzern, bei der Ausfahrt Sursee oder von Z\u00fcrich\/Bern, &hellip; <\/p>\n<p class=\"link-more\"><a href=\"https:\/\/mindandspiritdays.com\/?page_id=203\" class=\"more-link\"><span class=\"screen-reader-text\">\u201eFesthalle Willisau\u201c<\/span> weiterlesen<\/a><\/p>\n","protected":false},"author":1,"featured_media":0,"parent":0,"menu_order":0,"comment_status":"closed","ping_status":"closed","template":"","meta":{"footnotes":""},"class_list":["post-203","page","type-page","status-publish","hentry"],"_links":{"self":[{"href":"https:\/\/mindandspiritdays.com\/index.php?rest_route=\/wp\/v2\/pages\/203","targetHints":{"allow":["GET"]}}],"collection":[{"href":"https:\/\/mindandspiritdays.com\/index.php?rest_route=\/wp\/v2\/pages"}],"about":[{"href":"https:\/\/mindandspiritdays.com\/index.php?rest_route=\/wp\/v2\/types\/page"}],"author":[{"embeddable":true,"href":"https:\/\/mindandspiritdays.com\/index.php?rest_route=\/wp\/v2\/users\/1"}],"replies":[{"embeddable":true,"href":"https:\/\/mindandspiritdays.com\/index.php?rest_route=%2Fwp%2Fv2%2Fcomments&post=203"}],"version-history":[{"count":17,"href":"https:\/\/mindandspiritdays.com\/index.php?rest_route=\/wp\/v2\/pages\/203\/revisions"}],"predecessor-version":[{"id":917,"href":"https:\/\/mindandspiritdays.com\/index.php?rest_route=\/wp\/v2\/pages\/203\/revisions\/917"}],"wp:attachment":[{"href":"https:\/\/mindandspiritdays.com\/index.php?rest_route=%2Fwp%2Fv2%2Fmedia&parent=203"}],"curies":[{"name":"wp","href":"https:\/\/api.w.org\/{rel}","templated":true}]}}